 + -102.
-70
Evaluate 13 + -53 + 23 + 33 + 1 + 10 + -3.
24
Calculate (7 - 4) + (-2 - (27 + -10) - (-2 + 7)).
-21
3 + (15 - (35 - 14)) + 44
41
Calculate 8 + 1 + -36 + 62 + (-53 - -12).
-6
Evaluate (-8 - -11 - (-21 + 2)) + -18 + (18 - 10).
12
What is the value of (-7 + 31 - (7 + -51)) + 5 + 0?
73
What is the value of 5 + -26 + 11 + (-16 - -45 - -3)?
22
-7 + 36 + -1 + -1 - (0 - (6 - 11))
22
(2 - 16) + 113 + -50 + -89
-40
(122 - 38 - 63) + 40
61
What is 1 - (12 + (1 - 0)) - (-26893 - -26859)?
22
What is 40 + -41 + (-4 - (-14 - -9))?
0
What is 1 + -10 + (41 - (47 + -8)) + (-45 - -15)?
-37
Calculate -5 - (157 - 179 - (-2 + -4)).
11
What is the value of (1 - 68) + (24117 - 24085)?
-35
Evaluate (37 - (8 + (-3 - -1) + -186 + 194)) + -4.
19
What is (60 - -23 - 114) + -36?
-67
What is the value of (2 - 7 - -2 - (1 + -14) - -28) + -9?
29
Evaluate 10 + -6 - 15 - (29 - (-11 + 74 + -32)).
-9
What is the value of -41 - (122 + 36 - 99)?
-100
-28 - (464 + -458 - (0 - (-1 + 0)))
-33
Calculate -16 - ((22 - 1) + 9 + 10).
-56
Calculate -72 + (17 - (30 + -26)) + (-3 - -11).
-51
(-345 - -392) + (-84 - 3)
-40
Evaluate (5 + -14 - -7) + (16 - 12 - (-41 + 2)).
41
Calculate 22 + (-106 - -145) - 101.
-40
-353 - -382 - (4 + -2)
27
Evaluate 25 - ((62 - 55) + -14).
32
Evaluate -27 + 4 - -3 - (-36 - -68 - 17).
-35
Evaluate -4 + (9 - 36) + 19 + -44.
-56
6 + (-104 - (0 + -42))
-56
Evaluate (-63 + 66 - (0 - -2 - -3) - -70) + -1.
67
What is -18 - (-21 + 0 - (-6 - -3))?
0
Calculate 65 - (183 - (51 + 64)).
-3
Evaluate (-1229 - -1104) + (-4 + (0 - (-2 + 0)) - -12).
-115
Calculate -72 + (0 - -7) + -30 + (2 - -25).
-68
Evaluate 19 + (11 - 0 - (13 - 44 - (-87 - -53))).
27
Calculate 2 - ((10 - 7) + -22 + (15 - 26)).
32
Calculate (-386 - -362) + (39 + 1 - 0).
16
What is 21 - 2 - (15 - (18 - 15))?
7
What is 21 + 18 + (67 - 56) + (-24 - -1)?
27
What is (21 - -7 - 26) + (-73 - -3)?
-68
What is the value of 268 + (-60 - 23) + -110?
75
What is -523 + 495 + 96 + -15?
53
(8 - (-6 - -28 - 6 - 8) - 20) + 5
-15
Calculate 41 + -44 + (-47 - (0 + -3 + 3)) + -1.
-51
Evaluate 85 + 1 - (9393 - 9386).
79
-6 + 25 + (0 + -3 - (-4 + 8 + -12))
24
What is the value of 5 + -60 - (-6 + 4 - -2 - 9)?
-46
Calculate -998 + 1025 - (6 + 0).
21
Calculate -56 - (-38 + 47) - (3 - (-5 + 3 + 0)).
-70
What is 161 - (22 + (92 - 19))?
66
6 - (26 - 1 - (-26 - -28) - 15)
-2
Evaluate -68 + (45 - 47 - -48).
-22
What is (1 - 39 - (-91 + 94)) + 18?
-23
What is the value of -1 + 9 + 0 - (-1158 + 1174)?
-8
(-88 - 75) + 77 - -53
-33
What is the value of 18 + -8 + 14 + -17 + (0 - (2 + -9))?
14
Evaluate 9 - (-25 + 10 + 0 - -92).
-68
What is -70 - (0 - (-4 - (-16 + -8))) - -14?
-36
-53 - (4 + -14 + 87 + -92)
-38
Evaluate -13 + -12 - (9 + -22 + -5).
-7
What is 11 + 24 - ((16 - 24) + 1 + 6)?
36
What is 83 - 37 - 68 - (-2 + 42)?
-62
What is 34 - 48 - (-218 + 68)?
136
What is 62 + -1 + (-25 - 1) + 22?
57
(131 - -19 - 101) + -34
15
What is the value of 14 - 4 - 41 - -19 - (-2 + 0)?
-10
-1 + 55 - (-111 - (78 - 207))
36
What is (2 - 0) + -7 + (721 - 716)?
0
What is the value of -28 - 7 - (16 + -22)?
-29
What is the value of 4 + 13 + (-2 - 4 - 7 - 6)?
-2
Calculate 3 - 19 - -6 - (-14 + 16) - -17.
5
Evaluate 39 + -11 - (4 + 4 + -1 - 20).
41
What is 1 - -51 - (62 + 19 + -80 + (1 - -1))?
49
(-24 - 2) + -43 + 23 + -47
-93
-52 + 30 + 32 + -18
-8
What is the value of -4 + 31 + 245 + -312?
-40
Calculate (1 - (-5 - 3)) + -66 + -14 + 30.
-41
What is the value of -32 - 15 - 43 - -35?
-55
102 + 39 + -77 - 46
18
Evaluate -129 - (-49 - (-131 - -132)).
-79
-108 - (-99 + -3) - 19
-25
Evaluate 32 + (4 - (-5 + 11 + 9) - -4).
25
Evaluate 0 - (-37 - (2 + 9 - (107 - 94))).
35
Calculate (-665 - -665) + -26 + 0 - -78.
52
Evaluate 98 - (95 + -14 - 7).
24
17 - ((17 - -1) + 628 + -609)
-20
What is the value of (-90 + 84 - (-1 + -1 + 2)) + (-6 - 35)?
-47
115 - (16 - -111) - (15 + (0 - -2))
-29
60 - (-157 + 63 + 91)
63
What is the value of (-49 - -121) + (-41 - (10 - 18))?
39
-1739 + 1761 + (-5 - (-2 - -4))
15
Evaluate -27 - (42 - (23 + 37)).
-9
-73 + -2 + (165 - 117)
-27
What is -2 - -125 - (-57 - 187 - -240)?
127
Calculate 15 + -1 + (3083 - 3083).
14
-4 - (33 + -30 - -1) - (1 + (1 - -1))
-11
What is the value of -1698 + 1653 - (1 + -116)?
70
What is the value of -10 - (5 - (4 + -11 - (-3 + -4 + -77)))?
62
What is (-102 - 1) + (-21 - (-16 - 16))?
-92
What is 152 + -97 - (68 - 9)?
-4
Calculate -99 + (184 - (104 - 23)).
4
What is (2 - (-3 + 0)) + (-4200 - -4221)?
26
What is 8 + 23 + 13 + (-5 + 1 + -1 - -3)?
42
22 - (161 + 18) - (-39 - -1)
-119
Evaluate -99 - (-5 + -2 + 4 + (-89 - -65) + 15).
-87
What is the value of -20 + 5 + -2 + (1250 - 1232)?
1
(-82 - 3) + (-1 - -136)
50
(-92 - -82) + (-36 - -2) - (-19 - -19)
-44
Calculate (62 - -3) + -3245 + 3149.
-31
Calculate (38 - 27 - (-2 + 17)) + (6 - -32).
34
Calculate -2 - -1 - (-19 - (8 + 24 + 39 + -20)).
69
What is -41 - (-13 - ((13 - -2) + 1 + (-234 - -200)))?
-46
3 - 82 - -1 - (-10 - 11 - (-7 + -14))
-78
Evaluate (-2782 + 2792 - (55 + 1)) + -94.
-140
What is -7 - ((-11 - -16 - 5) + -14 - 45)?
52
(-7 - (0 - (3 - 15 - (-27 - -6)))) + -1
1
-2 + (1 - -2 - -17) + (20161 - 20246)
-67
Evaluate -6 + (1 - 5 - (-13 - -14)) + -29.
-40
What is -25 + (-4 - ((11 + -22 - -9) + 4))?
-31
What is the value of -42 - -1 - (-6 - 6)?
-29
Calculate 160 + -561 + 373 - (3 + -1 - 4).
-26
36 + ((-35 - 4) + 8 - -13)
18
Calculate 5 - (7 + (-6 - -74 - 13)).
-57
What is the value of 44 + (27 - 46) + 3 + -13?
15
What is -20 - (56 + -39 - 7 - (-1 - -7))?
-24
-41 - 24 - 35 - 13
-113
Evaluate 36 - (9 + 55) - -13.
-15
13 + (20 - (-8 + (37 - -2)) - 20)
-18
What is the value of -1 + 13 + (-61 - (-15 + -29)) - -12?
7
What is -21 - 80 - (13 + -28)?
-86
Calculate -1 - (-19 - (0 + -2 - 8)).
8
Evaluate (29 - (-35 - -30)) + (3 + -1 - 10).
26
What is -28 - (-46 - -20 - 0) - 29?
-31
What is 82 + (-134 - (15 + -57))?
-10
Evaluate 245 - 146 - (1 - (-4 + (-4 - -1 - -3))).
94
What is 40 + (-5 - (-16 + 6)) - (38 - 33)?
40
What is the value of (-29 - ((-9 - -31) + -40)) + -2 - 22?
-35
Calculate 25 + (-35 - (29 + -33)) - (-2 - (0 + -67)).
-71
Evaluate 188 + (-401 - -229) + (-95 - -1).
-78
8 + (4 - (-12 - (14 + -18)) - 4)
16
What is (-11 + (14 - 7) - -12) + (37 - 48)?
-3
What is the value of 60 + -92 - 6 - -15?
-23
What is 1 - (0 - -2) - (-633 - -614)?
18
Evaluate (-13 - (10 + (-8 - 30))) + (24 - -4).
43
Evaluate (-77 - -14 - -17) + 39 + 3 + 3 + -69.
-70
What is -33 - ((71 + 28 - 102) + (-1 + 0 - 7))?
-22
Evaluate 8 + 22 + -1 + -58 + (4 - -36).
11
-6 + (11 - (7 - (11 - (12 - 5))))
2
What is -202 - -176 - (-34 + 5)?
3
7 + -1 + -2 + -21 + -9 + 49
23
What is 31 - -1 - (-446 - -462) - -2?
18
What is the value of 11 + -2 + 20 + -20 - (-6 - 12 - 5)?
32
Evaluate 56 + -5 - (30 + (-20 - -14 - 11)).
38
Calculate 3 + -64 + ((-17 - -12) + 12 - 8 - 3).
-65
What is -17 + 0 + (423 + -246 - 140)?
20
Calculate (65 - -27) + -245 + 128.
-25
What is (-30 - -37) + 62 - 50?
19
What is the value of -2 - 21 - (9 - (-2 + 0 + (-244 - -255)))?
-23
What is 124 - (18 - (22 + 10 + -26)) - -1?
113
What is -5 + 0 + (-41 + -18 - -63) + -139 + -5?
-145
What is the value of 8 - (-14 + 21 + -28)?
29
Calculate (0 - -65 - (20 - (13 - 6))) + 5.
57
-373 - -498 - (-2 + -3 + -3) - -2
135
Calculate -5 - (28 + (-16 - -35 - 6)).
-46
Calculate 13 - (20 - 12) - 14 - (-11 - (-42 + -13)).
-53
-12 - ((70 - 45) + (1 - -3))
-41
-13 - (-21 + 49) - (-34 + 5 + 7)
-19
What is (-4 - -24 - 5) + -20 + (-52 - -38)?
-19
Calculate 100 - ((-118 - -22) + 129).
67
-66 + 139 + -68 - (0 + 29)
-24
What is -35 + 43 + 1 + 0 + (2 - 8)?
3
-17 + (15 - (2 - -22)) - (1 - 1)
-26
Calculate (99 - -17) + -58 - -28.
86
Calculate -6 + (-3 - -98) + -25 + (7 - -6) + -1.
76
Calculate 21 + (2 - 15 - (-665 - -638)).
35
Evaluate (-154 - (3 - 233)) + -34 + 1.
43
What is the value of 0 + -5 - (-3 + -17 + -10 + 31)?
-6
What is -2418 + 2501 - (-1 + -34)?
118
Calculate 101 - (34 + (53 - 27)).
41
What is the value of 10 + -9 + (8 - 18 - -8) - -59?
58
Calculate 16 + (41 - 14) + -38 + -135.
-130
What is (3 - -1) + (-35 - -48) + 1 + -17 + 2?
3
66 + (4 - (-42 + -8 + 34))
86
What is the value of (0 - -37) + (3504 - 3539)?
2
1 - (-7 + -2) - (-26 + (-7 - (-35 - -2)))
10
What is the value of 36 + (-137 + 85 - 12)?
-28
What is the value of 102 + 23 + (25 - 103)?
47
Evaluate